 4588948222 composite?
True
Is 144136637 prime?
True
Is 48305724653 composite?
False
Is 16835907371 composite?
False
Is 6265771853 a prime number?
False
Is 28885051399 a prime number?
False
Is 17168300173 composite?
False
Is 12048692329 composite?
False
Is 12971207411 a prime number?
False
Is 5423433271 a prime number?
True
Is 2236507571 composite?
False
Is 601791607 a composite number?
True
Is 4830628813 prime?
True
Is 2225225329 a composite number?
True
Is 87732061669 a prime number?
False
Is 130813382411 composite?
False
Is 9416735989 a composite number?
False
Is 9659307883 a composite number?
True
Is 19867939493 composite?
False
Is 102844280551 composite?
True
Is 68212354739 prime?
False
Is 4252135859 a prime number?
True
Is 16405152037 prime?
True
Is 2888201669 a composite number?
True
Is 26880188693 prime?
True
Is 736292897 composite?
False
Is 16286860529 a composite number?
False
Is 12355520071 a prime number?
True
Is 1690038674 a composite number?
True
Is 19962371389 a composite number?
True
Is 359448961 prime?
False
Is 22423944773 prime?
False
Is 9858733385 a composite number?
True
Is 10185170173 a prime number?
False
Is 1364436961 composite?
False
Is 91867231 composite?
False
Is 4934044457 composite?
False
Is 811194281 composite?
True
Is 1508219654 composite?
True
Is 13419877 a prime number?
True
Is 7244168273 a composite number?
True
Is 45103379 composite?
False
Is 8217061322 a composite number?
True
Is 10118689181 a composite number?
True
Is 3260608573 composite?
False
Is 61785356383 a prime number?
True
Is 40069543549 a composite number?
True
Is 125383908863 prime?
False
Is 10052350345 a prime number?
False
Is 601944883 a prime number?
False
Is 5631786733 a prime number?
True
Is 637182383 a composite number?
False
Is 1370286989 a composite number?
True
Is 46455654059 a composite number?
False
Is 24889415329 prime?
False
Is 28819680935 composite?
True
Is 192432113 a prime number?
True
Is 12901821233 prime?
False
Is 2802618527 a prime number?
True
Is 249238929 a prime number?
False
Is 544868041 composite?
True
Is 354999589 a composite number?
True
Is 15313885049 a composite number?
True
Is 20146553453 prime?
False
Is 3489703783 a prime number?
False
Is 24872951867 a prime number?
True
Is 35014103 a prime number?
False
Is 1287091517 a prime number?
False
Is 14636369897 prime?
True
Is 989577019 composite?
True
Is 524185931 prime?
True
Is 126189521741 a composite number?
False
Is 10749213743 a prime number?
True
Is 10000196867 composite?
True
Is 37449322481 composite?
False
Is 15482531 a prime number?
True
Is 6682262903 composite?
False
Is 418223417 a composite number?
False
Is 16014997 composite?
False
Is 127429381 a composite number?
False
Is 143856726917 prime?
True
Is 14537320283 composite?
False
Is 13056837205 prime?
False
Is 37166227331 a composite number?
True
Is 1594752238 a prime number?
False
Is 12145064051 composite?
True
Is 11221587191 a prime number?
False
Is 2043480421 composite?
False
Is 21048735263 a prime number?
True
Is 167135401 composite?
True
Is 101830618957 a prime number?
False
Is 2087189431 composite?
True
Is 162037887027 prime?
False
Is 2681916883 a prime number?
True
Is 4895138497 composite?
False
Is 21211631013 a composite number?
True
Is 2251460527 a composite number?
False
Is 234985111 a prime number?
True
Is 181099661 a composite number?
False
Is 97683020195 a composite number?
True
Is 222747913 composite?
False
Is 8759013407 composite?
False
Is 275512340333 a composite number?
False
Is 18611242589 a composite number?
True
Is 89279933 prime?
False
Is 149768497 a composite number?
True
Is 33409295767 a composite number?
True
Is 4150786631 a composite number?
True
Is 1259915723 a composite number?
True
Is 4957276837 composite?
False
Is 3705839953 a prime number?
False
Is 3139202811 prime?
False
Is 356834703 composite?
True
Is 9869964101 a composite number?
True
Is 4250189257 a prime number?
False
Is 13477853761 a composite number?
False
Is 39062280641 prime?
True
Is 1115903849 a composite number?
False
Is 5745025337 a prime number?
True
Is 639087531 composite?
True
Is 75138439 composite?
False
Is 1885697497 composite?
False
Is 18245988139 a prime number?
False
Is 57927643 composite?
False
Is 253284726371 a composite number?
True
Is 16804639963 a composite number?
False
Is 3590861969 a prime number?
False
Is 985295167 a prime number?
True
Is 40269059 composite?
True
Is 1408940935 composite?
True
Is 19489359449 composite?
True
Is 1435099037 a composite number?
True
Is 669755015 prime?
False
Is 12056193931 prime?
False
Is 918062047 a prime number?
False
Is 1589130989 a composite number?
False
Is 3897000427 a composite number?
True
Is 15623717093 composite?
True
Is 9680479789 prime?
True
Is 3662450707 a composite number?
False
Is 2016648989 composite?
True
Is 1795695901 prime?
False
Is 1832223209 a prime number?
True
Is 2027308363 a composite number?
False
Is 213814599 a prime number?
False
Is 97655471 prime?
True
Is 4707262607 a composite number?
False
Is 193444016603 prime?
True
Is 4979346941 composite?
True
Is 174788359 prime?
True
Is 20623816333 composite?
True
Is 4651617109 a prime number?
True
Is 707850697 a prime number?
False
Is 2666492641 composite?
False
Is 76321341561 prime?
False
Is 825334522 prime?
False
Is 87122482099 a prime number?
False
Is 1365877319 a prime number?
False
Is 21141627557 a composite number?
True
Is 21841505801 a prime number?
False
Is 18952891501 a composite number?
True
Is 107204478037 a prime number?
False
Is 1886225149 a composite number?
True
Is 1600831283 a prime number?
True
Is 3152298001 a composite number?
False
Is 2334334949 prime?
True
Is 13183394117 a prime number?
True
Is 159168463 a prime number?
False
Is 265958457 a prime number?
False
Is 748809091 a composite number?
True
Is 22586846497 prime?
True
Is 1595152529 composite?
False
Is 1495307687 a composite number?
False
Is 8325742157 a prime number?
True
Is 42467633891 a prime number?
True
Is 3062535407 prime?
True
Is 40822907 a prime number?
False
Is 1691098323 a prime number?
False
Is 4542804089 a composite number?
True
Is 10622715731 composite?
False
Is 22947889 a composite number?
True
Is 30761218219 composite?
True
Is 344599483 composite?
True
Is 6138718067 a prime number?
True
Is 2383198973 prime?
False
Is 148072063 a prime number?
False
Is 34316206709 composite?
False
Is 11075899027 composite?
False
Is 336457651 composite?
False
Is 120416531 a prime number?
False
Is 1695360493 a prime number?
False
Is 13274887667 composite?
True
Is 2877373901 a composite number?
True
Is 137396461757 prime?
True
Is 6503472799 composite?
True
Is 6759799019 a composite number?
False
Is 70846691723 a composite number?
False
Is 98838997 a composite number?
True
Is 4488853021 a composite number?
True
Is 102461671027 composite?
True
Is 2593713329 composite?
False
Is 316576189 composite?
True
Is 3547858073 a composite number?
False
Is 3823148363 a composite number?
False
Is 10758073633 a composite number?
False
Is 1288270961 prime?
False
Is 111694207769 a prime number?
False
Is 2520974689 a composite number?
True
Is 30972073555 a prime number?
False
Is 1090944583 composite?
False
Is 138281161 composite?
False
Is 97446965059 prime?
False
Is 3551511455 prime?
False
Is 14664370079 composite?
False
Is 943104467 composite?
False
Is 2993835379 a composite number?
True
Is 8030294173 composite?
True
Is 1398841673 a prime number?
True
Is 3306115223 a composite number?
False
Is 24198917287 prime?
True
Is 1477291727 composite?
True
Is 225145283 prime?
False
Is 826128593 prime?
False
Is 14237182717 prime?
False
Is 153850831 a prime number?
False
Is 5027786603 composite?
True
Is 3201237301 a prime number?
False
Is 102914782879 prime?
True
Is 762966593 prime?
False
Is 127845399449 a composite number?
True
Is 15143030659 prime?
False
Is 32005376695 a prime number?
False
Is 15208211019 a composite number?
True
Is 510267137 a prime number?
True
Is 4285404749 prime?
True
Is 25589488261 prime?
True
Is 22344937431 prime?
False
Is 1344931246 composite?
True
Is 500428463 a composite number?
False
Is 12845711519 composite?
True
Is 48758786341 a composite number?
False
Is 4489716137 prime?
True
Is 104411039 a composite number?
False
Is 19725967967 a com